{"id":50,"date":"2008-08-14T14:07:23","date_gmt":"2008-08-14T12:07:23","guid":{"rendered":"https:\/\/ajedreztabiyaalcoy.es\/club\/?page_id=50"},"modified":"2016-08-09T15:22:28","modified_gmt":"2016-08-09T13:22:28","slug":"el-metode-de-densenyanca","status":"publish","type":"page","link":"https:\/\/ajedreztabiyaalcoy.es\/club\/el-metode-de-densenyanca\/","title":{"rendered":"El M\u00e8tode de d&#8217;ensenyan\u00e7a"},"content":{"rendered":"<p><span style=\"font-family: arial,helvetica,sans-serif;\">Les idees b\u00e0siques a seguir que configuraran el m\u00e8tode d&#8217;ensenyan\u00e7a s\u00f3n:<\/span><\/p>\n<p>a) Preparar els alumnes per a l&#8217;autoan\u00e0lisi, a fi de ser autosuficients per a analitzar.<\/p>\n<p>b) Promoure la disciplina i la creativitat.<\/p>\n<p><img loading=\"lazy\" decoding=\"async\" class=\"alignleft size-full wp-image-18\" src=\"https:\/\/ajedreztabiyaalcoy.es\/club\/wp-content\/uploads\/2009\/07\/dibujo2.jpg\" alt=\"dibujo2\" width=\"148\" height=\"153\" \/>El principal prop\u00f2sit ser\u00e0 la penetraci\u00f3 en l&#8217;\u00e0nima dels escacs de l&#8217;alumne.<\/p>\n<p>Per a aix\u00f2, la metodologia que utilitzarem en l&#8217;Escola d&#8217;Escacs, ser\u00e0 fonamentalment la que va posar en pr\u00e0ctica l&#8217;exCampi\u00f3 del M\u00f3n Mija\u00edl Botvinnik, i les que es deriven d&#8217;ella, i que tan bons resultats ha donat.<\/p>\n<p>Tot aix\u00f2 ben estructurat, planificat i organitzat, perqu\u00e8 vaja augmentant de forma progressiva, i siga de f\u00e0cil comprensi\u00f3 i enteniment per a l&#8217;alumne.<\/p>\n","protected":false},"excerpt":{"rendered":"<p>Les idees b\u00e0siques a seguir que configuraran el m\u00e8tode d&#8217;ensenyan\u00e7a s\u00f3n: a) Preparar els alumnes per a l&#8217;autoan\u00e0lisi, a fi de ser autosuficients per a analitzar. b) Promoure la disciplina i la creativitat. El principal&#8230;<\/p>\n","protected":false},"author":3,"featured_media":0,"parent":0,"menu_order":0,"comment_status":"closed","ping_status":"closed","template":"","meta":{"rop_custom_images_group":[],"rop_custom_messages_group":[],"rop_publish_now":"initial","rop_publish_now_accounts":[],"rop_publish_now_history":[],"rop_publish_now_status":"pending","footnotes":""},"class_list":["post-50","page","type-page","status-publish","hentry"],"wppr_data":{"cwp_meta_box_check":"No"},"_links":{"self":[{"href":"https:\/\/ajedreztabiyaalcoy.es\/club\/wp-json\/wp\/v2\/pages\/50","targetHints":{"allow":["GET"]}}],"collection":[{"href":"https:\/\/ajedreztabiyaalcoy.es\/club\/wp-json\/wp\/v2\/pages"}],"about":[{"href":"https:\/\/ajedreztabiyaalcoy.es\/club\/wp-json\/wp\/v2\/types\/page"}],"author":[{"embeddable":true,"href":"https:\/\/ajedreztabiyaalcoy.es\/club\/wp-json\/wp\/v2\/users\/3"}],"replies":[{"embeddable":true,"href":"https:\/\/ajedreztabiyaalcoy.es\/club\/wp-json\/wp\/v2\/comments?post=50"}],"version-history":[{"count":1,"href":"https:\/\/ajedreztabiyaalcoy.es\/club\/wp-json\/wp\/v2\/pages\/50\/revisions"}],"predecessor-version":[{"id":2023,"href":"https:\/\/ajedreztabiyaalcoy.es\/club\/wp-json\/wp\/v2\/pages\/50\/revisions\/2023"}],"wp:attachment":[{"href":"https:\/\/ajedreztabiyaalcoy.es\/club\/wp-json\/wp\/v2\/media?parent=50"}],"curies":[{"name":"wp","href":"https:\/\/api.w.org\/{rel}","templated":true}]}}