{"id":53,"date":"2008-08-14T14:10:21","date_gmt":"2008-08-14T12:10:21","guid":{"rendered":"https:\/\/ajedreztabiyaalcoy.es\/club\/?page_id=53"},"modified":"2016-08-09T15:22:50","modified_gmt":"2016-08-09T13:22:50","slug":"fitxa-tecnica-de-lescola-descacs","status":"publish","type":"page","link":"https:\/\/ajedreztabiyaalcoy.es\/club\/fitxa-tecnica-de-lescola-descacs\/","title":{"rendered":"Fitxa t\u00e8cnica de L&#8217;Escola D&#8217;Escacs"},"content":{"rendered":"<div><span style=\"font-family: arial,helvetica,sans-serif;\">Director: Joaqu\u00edn Corb\u00ed Mart\u00ed.<br \/>\nMonitor Nacional d&#8217;Escacs.<br \/>\n<\/span><\/div>\n<div>\n<p><span style=\"font-family: arial,helvetica,sans-serif;\">&#8211; Classes d&#8217;escacs impartits per Professors titulats, a desenrotllar a trav\u00e9s de Cursos adaptats a cada Nivell.<\/span><\/p>\n<div><span style=\"font-family: arial,helvetica,sans-serif;\"><br \/>\n<strong>c) Departament de Psicolog\u00eda<\/strong><br \/>\nServici gratu\u00eft per als nostres alumnes que ho necessiten.<br \/>\nCoordinadors: Llicenciats en Psicologia.<\/span><\/div>\n<div><span style=\"font-family: arial,helvetica,sans-serif;\"><br \/>\n&#8211; L&#8217;Escola d&#8217;Escacs podr\u00e0 ajudar els seus alumnes econ\u00f2micament, i en la seua formaci\u00f3 cultural i esportiva, a trav\u00e9s del:<\/span><\/p>\n<div><span style=\"font-family: arial,helvetica,sans-serif;\"><img loading=\"lazy\" decoding=\"async\" class=\"aligncenter size-full wp-image-54\" src=\"https:\/\/ajedreztabiyaalcoy.es\/club\/wp-content\/uploads\/2009\/07\/ajedrez-herramienta2.jpg\" alt=\"ajedrez-herramienta\" width=\"434\" height=\"467\" \/><br \/>\n<\/span><\/div>\n<\/div>\n<p>a) Departament de Promoci\u00f3 del Club d&#8217;Escacs Tabiya Alcoi, que podr\u00e0 concedir beques i patrocinacions per als alumnes que destaquen pel seu talent.<\/p>\n<\/div>\n<p>&#8211; Els alumnes es configuraran en grups redu\u00efts, en funci\u00f3 dels seus coneixements i edats.<\/p>\n<p>&#8211; Com a complement i ajuda a la seua formaci\u00f3 educativa, els alumnes disposaran dels seg\u00fcents servicis, que el Club d&#8217;Escacs Tabiya Alcoi posa a la seua disposici\u00f3:<\/p>\n<p><strong>a) Biblioteca<\/strong><br \/>\nServici gratu\u00eft per als nostres alumnes.<br \/>\nLlibres amens espanyols i estrangers.<br \/>\nRevistes espanyoles i estrangeres.<\/p>\n<p><strong>b) Departament de Pedagog\u00eda<\/strong><br \/>\nServici gratu\u00eft per als nostres alumnes que ho necessiten.<br \/>\nCoordinadors: Llicenciats en Pedagogia.<\/p>\n","protected":false},"excerpt":{"rendered":"<p>Director: Joaqu\u00edn Corb\u00ed Mart\u00ed. Monitor Nacional d&#8217;Escacs. &#8211; Classes d&#8217;escacs impartits per Professors titulats, a desenrotllar a trav\u00e9s de Cursos adaptats a cada Nivell. c) Departament de Psicolog\u00eda Servici gratu\u00eft per als nostres alumnes que&#8230;<\/p>\n","protected":false},"author":3,"featured_media":0,"parent":0,"menu_order":0,"comment_status":"closed","ping_status":"closed","template":"","meta":{"rop_custom_images_group":[],"rop_custom_messages_group":[],"rop_publish_now":"initial","rop_publish_now_accounts":[],"rop_publish_now_history":[],"rop_publish_now_status":"pending","footnotes":""},"class_list":["post-53","page","type-page","status-publish","hentry"],"wppr_data":{"cwp_meta_box_check":"No"},"_links":{"self":[{"href":"https:\/\/ajedreztabiyaalcoy.es\/club\/wp-json\/wp\/v2\/pages\/53","targetHints":{"allow":["GET"]}}],"collection":[{"href":"https:\/\/ajedreztabiyaalcoy.es\/club\/wp-json\/wp\/v2\/pages"}],"about":[{"href":"https:\/\/ajedreztabiyaalcoy.es\/club\/wp-json\/wp\/v2\/types\/page"}],"author":[{"embeddable":true,"href":"https:\/\/ajedreztabiyaalcoy.es\/club\/wp-json\/wp\/v2\/users\/3"}],"replies":[{"embeddable":true,"href":"https:\/\/ajedreztabiyaalcoy.es\/club\/wp-json\/wp\/v2\/comments?post=53"}],"version-history":[{"count":1,"href":"https:\/\/ajedreztabiyaalcoy.es\/club\/wp-json\/wp\/v2\/pages\/53\/revisions"}],"predecessor-version":[{"id":2024,"href":"https:\/\/ajedreztabiyaalcoy.es\/club\/wp-json\/wp\/v2\/pages\/53\/revisions\/2024"}],"wp:attachment":[{"href":"https:\/\/ajedreztabiyaalcoy.es\/club\/wp-json\/wp\/v2\/media?parent=53"}],"curies":[{"name":"wp","href":"https:\/\/api.w.org\/{rel}","templated":true}]}}