{"id":57,"date":"2008-08-14T14:13:10","date_gmt":"2008-08-14T12:13:10","guid":{"rendered":"https:\/\/ajedreztabiyaalcoy.es\/club\/?page_id=57"},"modified":"2016-08-09T15:23:15","modified_gmt":"2016-08-09T13:23:15","slug":"la-metodologia-de-lescola-descacs","status":"publish","type":"page","link":"https:\/\/ajedreztabiyaalcoy.es\/club\/la-metodologia-de-lescola-descacs\/","title":{"rendered":"La metodolog\u00eda de L&#8217;Escola D&#8217;Escacs"},"content":{"rendered":"<p><span style=\"font-family: arial,helvetica,sans-serif;\">L&#8217;educaci\u00f3 en els escacs requerix d&#8217;una metodologia adequada, basada a impartir classes d&#8217;escacs, per mitj\u00e0 del desenrotllament de Cursos adaptats al nivell de joc i coneixements dels alumnes, unit a la posada en pr\u00e0ctica dels seg\u00fcents punts importants.<\/span><\/p>\n<p>1- S&#8217;establiran els grups redu\u00efts d&#8217;alumnes en funci\u00f3 dels seus coneixements i edats, tractant que tots els alumnes d&#8217;un mateix grup, tinguen aproximadament el mateix nivell de joc, per a assegurar la qualitat de les lli\u00e7ons.<\/p>\n<p>2- Per endavant, i a fi de col\u2022locar l&#8217;alumne en el grup adequat i en el Nivell corresponent, el personal docent de l&#8217;Escola d&#8217;Escacs, procedir\u00e0 a esbrinar el nivell de joc i coneixements de l&#8217;alumne, per mitj\u00e0 d&#8217;una entrevista ajedrec\u00edstica personal, que podr\u00e0 incloure el joc de partides amistoses, i presentaci\u00f3 per part de l&#8217;alumne de les seues pr\u00f2pies partides que haja jugat amb anterioritat.<\/p>\n<p>3- En tots els Temes dels Cursos, hi ha exercicis, exemples pr\u00e0ctics i partides il\u2022lustratives, a fi de donar una major participaci\u00f3 als alumnes en els comentaris.<\/p>\n<p>4- En prou moments del Curs, els alumnes eixiran davant del tauler mural, per a explicar les seues idees, sent corregits pel Professor i els seus companys. Aix\u00ed, cada orador podr\u00e0 comprovar els seus progressos en l&#8217;an\u00e0lisi.<\/p>\n<p>5- En cada grup d&#8217;alumnes es disputar\u00e0 un torneig d&#8217;escacs. Estes partides s\u00f3n molt importants per a comentar-les davant del tauler mural, perqu\u00e8 aix\u00ed podem comprovar com es condu\u00efxen els alumnes durant una partida, com es concentren, com utilitzen el temps, si s\u00f3n prou rigorosos, i si s\u00f3n dialogants.<\/p>\n<p>6- Els alumnes no sols han de sentir-se estimulats pels escacs, sin\u00f3 tamb\u00e9 han d&#8217;aprendre a relacionar-se equilibrada i constructivament amb els altres companys, comportant-se amb respecte i de manera solid\u00e0ria, rebutjant discriminacions.<\/p>\n<p>7- S&#8217;orientar\u00e0 a l&#8217;alumne perqu\u00e8 a m\u00e9s de l&#8217;esport intel\u2022lectual i mental dels escacs, practique l&#8217;esport f\u00edsic i el contacte amb la Naturalesa, a fi d&#8217;adoptar h\u00e0bits dirigits a viure en salut.<\/p>\n<p>A l&#8217;anar acompanyat el desenrotllament dels Cursos, de la posada en pr\u00e0ctica dels punts esmentats amb anterioritat, podrem fer una fitxa personal de cada alumne, on donarem un diagn\u00f2stic amb les seues conseq\u00fcents recomanacions, per a desenrotllar les parts fortes i corregir les parts d\u00e8bils de cada alumne.<\/p>\n<p style=\"text-align: center;\"><span style=\"font-family: arial,helvetica,sans-serif;\"><img loading=\"lazy\" decoding=\"async\" class=\"aligncenter size-full wp-image-33\" src=\"https:\/\/ajedreztabiyaalcoy.es\/club\/wp-content\/uploads\/2009\/07\/chicos-jugando.jpg\" alt=\"chicos-jugando\" width=\"400\" height=\"266\" \/><br \/>\n<\/span><\/p>\n","protected":false},"excerpt":{"rendered":"<p>L&#8217;educaci\u00f3 en els escacs requerix d&#8217;una metodologia adequada, basada a impartir classes d&#8217;escacs, per mitj\u00e0 del desenrotllament de Cursos adaptats al nivell de joc i coneixements dels alumnes, unit a la posada en pr\u00e0ctica dels&#8230;<\/p>\n","protected":false},"author":3,"featured_media":0,"parent":0,"menu_order":0,"comment_status":"closed","ping_status":"closed","template":"","meta":{"rop_custom_images_group":[],"rop_custom_messages_group":[],"rop_publish_now":"initial","rop_publish_now_accounts":[],"rop_publish_now_history":[],"rop_publish_now_status":"pending","footnotes":""},"class_list":["post-57","page","type-page","status-publish","hentry"],"wppr_data":{"cwp_meta_box_check":"No"},"_links":{"self":[{"href":"https:\/\/ajedreztabiyaalcoy.es\/club\/wp-json\/wp\/v2\/pages\/57","targetHints":{"allow":["GET"]}}],"collection":[{"href":"https:\/\/ajedreztabiyaalcoy.es\/club\/wp-json\/wp\/v2\/pages"}],"about":[{"href":"https:\/\/ajedreztabiyaalcoy.es\/club\/wp-json\/wp\/v2\/types\/page"}],"author":[{"embeddable":true,"href":"https:\/\/ajedreztabiyaalcoy.es\/club\/wp-json\/wp\/v2\/users\/3"}],"replies":[{"embeddable":true,"href":"https:\/\/ajedreztabiyaalcoy.es\/club\/wp-json\/wp\/v2\/comments?post=57"}],"version-history":[{"count":1,"href":"https:\/\/ajedreztabiyaalcoy.es\/club\/wp-json\/wp\/v2\/pages\/57\/revisions"}],"predecessor-version":[{"id":2025,"href":"https:\/\/ajedreztabiyaalcoy.es\/club\/wp-json\/wp\/v2\/pages\/57\/revisions\/2025"}],"wp:attachment":[{"href":"https:\/\/ajedreztabiyaalcoy.es\/club\/wp-json\/wp\/v2\/media?parent=57"}],"curies":[{"name":"wp","href":"https:\/\/api.w.org\/{rel}","templated":true}]}}